ppose -11*t + 14 = -41. Let p(d) = 6*d**3 + 2*d**2 - 5*d - 11. Let g(b) = b**3 - b**2 - b - 1. Let y(m) = t*g(m) - p(m). Calculate y(-7).
6
Let y(b) = -2*b**3 + 30*b**2 - b + 18. Let n be 16 - (-9)/(7 + -16). Calculate y(n).
3
Let i(u) = u**3 - 3*u**2 - 6*u + 6. Suppose 14 = b + 2*q, 9 + 37 = 5*b + 4*q. Suppose -5*t + 0*t - a + 21 = 0, 2*t - b = 2*a. What is i(t)?
-2
Suppose m - 3*m + 20 = 0. Let k(v) = -v**2 - 20*v + 160. Let w be k(-26). Suppose 3*a - m = 2*t + 2*t, -4*t + w = 4*a. Let u(j) = 2*j**2 - j - 2. Give u(a).
4
Let k(c) = -1 + 0 - c - 4. Let n(f) = f**3 + 4*f**2 - f + 4. Let d be n(0). Determine k(d).
-9
Let n(g) = 5*g + 8*g**2 + 111 - 38 - 36 - 46. Let i(v) = -7*v**2 - 5*v + 9. Let f(k) = 7*i(k) + 6*n(k). Give f(-7).
-5
Let o(s) be the second derivative of -s**5/20 + s**4/4 + 3*s**2/2 - 22*s + 3. What is o(3)?
3
Suppose k - 4 = 1. Let z(l) = -3 - 20*l**2 - 4 + 21*l**2 + 2549*l - 2554*l. Determine z(k).
-7
Let b(r) = 3*r - 11. Let s(u) = 4*u - 13. Let v(g) = 5*b(g) - 4*s(g). Determine v(-7).
4
Let j(h) = 16*h - 82. Let z be j(5). Let m(k) = -k**2 - 3*k - 3. Determine m(z).
-1
Let t(k) = 0*k**2 + 3*k + 4*k**2 + k**2 - k**3 - k**2 - 2. Suppose -8*w = -7*w - 2. Suppose -25 = -5*r + 5*s, w*r + 0*s - 10 = 4*s. Calculate t(r).
-12
Let o(w) = -w - 6. Let l be o(-9). Let x(f) = 6*f + 9. Let i = 61 - 55. Let m(z) = 3*z + 4. Let h(s) = i*x(s) - 13*m(s). What is h(l)?
-7
Let c(i) be the second derivative of -i**3/6 - 7*i**2/2 - 3*i. Let l(z) = z + 13. Let o be l(-13). Give c(o).
-7
Let f = -6 + 9. Let n be (-2 + 1)/(f/(-6)). Let x(b) be the first derivative of -2*b**3/3 + b**2 - 2*b + 7. Give x(n).
-6
Suppose q + 32 = 4*j, -j - 2*j = 4*q - 43. Let d = 11 - j. Let p(w) = 1 - w**2 + 2*w**d - 3 + w. Determine p(0).
-2
Let w = -17 - -24. Let z(a) be the second derivative of -9/2*a**2 - 5*a - a**3 + 1/12*a**4 + 0. Give z(w).
-2
Let n = 460 - 443. Let y(i) = -i**3 + 18*i**2 - 16*i - 10. Give y(n).
7
Let p(m) = 2*m**3 + 1. Let f(d) = d**3 + d**2 + 1. Let k(g) = -3*f(g) + 2*p(g). Calculate k(3).
-1
Let z(i) = 0*i - 4*i + 3*i + 7*i. Let c(g) = -g**2 - g + 57. Let v be c(-8). What is z(v)?
6
Let u(k) = 4*k - 6. Let i be u(2). Suppose -i*o = -0 - 2. Let t(n) be the second derivative of -n**3/3 - n**2/2 + n. Determine t(o).
-3
Let z(p) = -1 + 2 + 181745*p - 181738*p. Calculate z(-1).
-6
Let t(c) = -c**2 - 4*c + 2. Let h be (-4)/(-6) + 15/(315/(-98)). What is t(h)?
2
Let g(v) be the second derivative of -v**3/3 - 3*v**2 - 277*v. Calculate g(0).
-6
Let i(t) be the third derivative of t**6/120 - t**5/15 + t**4/8 - t**3/3 + 151*t**2. What is i(4)?
10
Let z(c) = -c**2 + 8*c + 8. Let x be z(8). Suppose 0 = -6*d + x*d - 4. Let n(f) = -2*f**2 - f - 2. Calculate n(d).
-12
Let w be (-1)/(1/4) - -14. Suppose 5 + w = 5*v, 4*v - 28 = -4*b. Let h(j) = 4*j - 1. Calculate h(b).
15
Let d(y) = -y + 1. Suppose 3*g + 9 + 9 = 0. Let j(s) = s**2 + 5*s - 8. Let u be j(g). Let m(w) = 2*w**2 - 2. Let i be m(u). Calculate d(i).
-5
Let a(t) = -t - 7*t**3 + 5 + 0*t - 3 + 0*t**3 + 9*t**3. Let u = 5 + -7. Determine a(u).
-12
Let l(u) = -5*u - 1 - u**2 + 0*u**2 + 3. Let s be 45/(-9)*(3 + 44/(-20)). Determine l(s).
6
Let h be (-1 + 4 - 4) + -7. Let l(n) = -n - 3. Let c(x) = -1. Let d(f) = 2*c(f) + l(f). Give d(h).
3
Let v(t) = -t**2 + 5*t + 4. Let n = -34 + 39. Calculate v(n).
4
Let n(m) = m**2 + 5*m - 5. Let y = -110 - -104. Calculate n(y).
1
Let j(a) = 2*a. Let x(s) = -4*s + 6*s - s - 10 - 2*s. Let k = 14 + -21. Let g be x(k). Give j(g).
-6
Suppose -b - a = -14, -3*b + 10 = 4*a - 36. Let h(d) = 94*d - 95*d - 3 + b. Give h(7).
0
Let u(a) = a**3 - 10*a**2 - 13*a - 6. Suppose 21 = 2*g - 3*y - 1, 0 = -5*y. Determine u(g).
-28
Let r(u) = 2*u - 2. Let h(n) = -3*n + 8. Let g(q) = h(q) + 2*r(q). Calculate g(18).
22
Let m(l) = 57*l - 29*l + 12 - 29*l. Let q(w) = w**2 + 6*w + 14. Let r be q(-6). Let k be m(r). Let n(j) = -5*j + 2. Give n(k).
12
Let k(y) be the second derivative of -y**5/20 + 2*y**4/3 - 7*y**3/6 + 4*y**2 - 16*y. What is k(7)?
8
Let o(n) = 2*n + 9*n**3 + 12*n**3 - 13*n**3 - 17*n**3 + 1 + 2*n**2. Calculate o(-1).
10
Suppose 2*j + 3*b = 106, 4*b + 10 = -b. Let y = -50 + j. Let w(p) = -p. What is w(y)?
-6
Let r(f) = 2*f - 2. Let l = 279 + -278. Give r(l).
0
Let u(k) be the second derivative of -49*k**3/6 + 3*k**2/2 - k - 207. Determine u(1).
-46
Let h(m) be the third derivative of m**5/60 + m**4/3 - 3*m**3/2 + 30*m**2. Give h(-9).
0
Let l(f) = f**3 + 7*f**2 + 5*f - 6. Let a = 336 - 342. What is l(a)?
0
Let n(a) = a**2 + 5*a - 4. Let l(w) = -2*w**2 + 8*w + 20. Let m be l(-2). Let c(h) = -3 + 12*h + 9 - h + 2*h**2. Let s be c(m). Calculate n(s).
2
Let i(t) = 3*t**2 - 2*t - 2. Suppose -5*f + 9 + 2 = -4*n, -f = 3*n + 13. Suppose o = -2*o - 2*w + 22, 0 = -4*o - w + 26. Let g = o + n. Determine i(g).
6
Let f(k) be the first derivative of 0*k**2 + 4*k - 1 - 1/3*k**3. Suppose 8*z + 12 = 4*z. Calculate f(z).
-5
Let i(x) = 4*x**3 + 8*x**2 + x - 10. Let b(g) = -3*g**3 - 7*g**2 + 9. Let n(m) = -3*b(m) - 2*i(m). Let l be -1 - (-8)/((-1)/2*4). Give n(l).
3
Let o(y) = -y**3 - 5*y**2 + 2. Let t(r) = -r**3 - 6*r**2 - 7*r - 12. Let m be -2*((-60)/(-8))/3. Let b be t(m). Determine o(b).
-10
Let m(j) = -j**3 + 4*j**2 + 5*j - 5. Let z = -17 - -17. Suppose 17*s - 21*s + 20 = z. Calculate m(s).
-5
Let z(n) = -26 - 27 - 3*n + 100 - 26 - 26. Determine z(0).
-5
Suppose 2*c - 19 + 7 = 0. Suppose 0 = 7*t - 10*t - c. Let n(b) = 5 + b**3 - 3*b - 6 + 0. Determine n(t).
-3
Let o(v) be the first derivative of -v**2/2 + 3*v - 30. Determine o(11).
-8
Let z(r) = -r**2 + 5*r. Let y be z(3). Let h(c) be the second derivative of 1/2*c**4 + 0 + 1/3*c**3 + c**2 - 1/20*c**5 - 11*c. Determine h(y).
14
Let w(n) = n**2 + 4*n + 2. Let h be w(-4). Let y(p) = -1 - p + 0 - 2 - p**3 + p**h. Suppose -3*k - 5*a = -25, -6 - 14 = -5*k - 4*a. Calculate y(k).
-3
Let g(y) = -33*y + 763. Let r be g(23). Let p(b) = b**3 + 7 - 4*b**2 - 2*b - 1 - 4*b. Give p(r).
-18
Let j(y) = -2*y - y - y**2 + 4 + y. Suppose 4*t = -5*c + 6*t - 5, 0 = 3*c + 4*t + 29. Give j(c).
1
Let w(s) = 3*s - 3*s - 28 + 9*s + 27. Calculate w(-1).
-10
Suppose -5 = -n - 0. Suppose 5*m - 5*z = m + 17, n*z = -5. Let y(x) = 3*x - 4. Let p be y(m). Let o(u) = -u**2 + 5*u + 6. Give o(p).
6
Let w(c) = -12*c**2 + 1. Let j(k) = -k**2 + 10*k + 10. Let a be j(11). What is w(a)?
-11
Let l(h) = h. Let q(w) = w**3 + 13*w**2 + 13*w + 28. Let d be q(-12). Suppose -2*b - 8 + d = 0. Calculate l(b).
4
Let b(m) = 13*m**2 + 4*m + 18*m**2 - 5 - 30*m**2. Let k be -3*(-4)/24*-8. Determine b(k).
-5
Let v(o) = -o**3 - 8*o**2 - 6*o + 6. Let c(m) = -8*m - 23. Let w(q) = q**3 + 16*q**2 - 14*q + 49. Let d be w(-17). Let k be c(d). Determine v(k).
-1
Let c(u) = 5*u - 14 - 9*u + 5 - u + 8*u. Give c(0).
-9
Let f = -1 + 4. Let m(y) = y**3 + y**2 - 2 - 2*y**3 + f + 3*y**2 - 4*y. Suppose 4*n = 4*b, b + 5*n - n = 15. Calculate m(b).
-2
Let v(o) = 7 + 7*o**2 + 10 - 23 + o**3 + 3*o + 21. Calculate v(-6).
33
Let k(n) = n**3 + 7*n**2 - 4*n + 3. Suppose -23*l - 27 = 4*s - 22*l, 5*s + l = -35. What is k(s)?
-29
Let g(l) = -5*l**2 - 4*l + 2. Let f(a) = 4*a**2 + 5*a - 3. Let u(o) = -4*f(o) - 3*g(o). Give u(-9).
-3
Let x = 35 + -53. Let n = x - -20. Suppose 3*j = -n*j. Let h(z) = z + 1. Give h(j).
1
Let j(z) be the third derivative of -5*z**4/12 - z**3/3 - 2*z**2 - 259. Give j(2).
-22
Let h(f) = -8*f**2 - 1. Suppose -a + 0 = -5*x + 6, -4*x - 15 = a. Let m = a - -10. Calculate h(m).
-9
Let v(b) = -5*b - 11. Let s(p) = -1 + 18*p - 31*p + 14*p. Let r(c) = -4*s(c) - v(c). Calculate r(0).
15
Let o = -5 - -17. Let n be (-12)/16 - 27/o. Let b(a) = -5*a**2 + a - 1 - 4*a - 5*a**3 + 4*a**3. Determine b(n).
-10
Let y(a) = -a**2 - 2*a - 3. Let p = -165 - -36. Let j = 126 + p. Give y(j).
-6
Let n(l) = -l**3 - 10*l**2 + 25*l + 12. Let s be n(-12). Let r(x) = x**3 - 28. Give r(s).
-28
Let r(m) = m**2 + 14*m - 16. Suppose -27*f + 31*f - 61 = 5*o, 0 = 5*o + f + 66. What is r(o)?
-29
Suppose -3*q + 19*a - 20*a = 53, -2*a = 4*q + 72. Let y(o) = o**3 + 18*o**2 + 18*o + 13. Give y(q).
-4
Suppose 0 = 3*m - 6, 6*m - 3*m + 2 = 2*u. Let n(p) = 2 + p + 3*p**2 - u + 3. Give n(-2).
11
Let b(k) = 2 + k**3 - 5*k**2 - k**2 + 9*k**2 - 2*k. Let z(i) = -6*i + i**2 + 2 - 3*i - 2*i. Let j be z(11). Calculate b(j).
18
Let v be (-44)/198 - (21/27 - 